{"id":58316,"date":"2018-07-17T14:30:59","date_gmt":"2018-07-17T12:30:59","guid":{"rendered":"https:\/\/www.sylwestrowo.pl\/przewodnik\/?page_id=58316"},"modified":"2025-09-30T17:26:48","modified_gmt":"2025-09-30T17:26:48","slug":"media-o-nas","status":"publish","type":"page","link":"https:\/\/www.sylwester.pl\/przewodnik\/media-o-nas\/","title":{"rendered":"Media o nas"},"content":{"rendered":"<p><strong><a href=\"https:\/\/www.sylwester.pl\/przewodnik\/wp-content\/uploads\/2018\/07\/loga2.png\"><img loading=\"lazy\" decoding=\"async\" class=\"alignnone wp-image-58340 size-full\" src=\"https:\/\/www.sylwester.pl\/przewodnik\/wp-content\/uploads\/2018\/07\/loga2.png\" alt=\"loga2\" width=\"799\" height=\"284\" srcset=\"https:\/\/www.sylwester.pl\/przewodnik\/wp-content\/uploads\/loga2.png 799w, https:\/\/www.sylwester.pl\/przewodnik\/wp-content\/uploads\/loga2-300x107.png 300w, https:\/\/www.sylwester.pl\/przewodnik\/wp-content\/uploads\/loga2-768x273.png 768w, https:\/\/www.sylwester.pl\/przewodnik\/wp-content\/uploads\/loga2-535x190.png 535w\" sizes=\"(max-width: 799px) 100vw, 799px\" \/><\/a><br \/>\nARCHIWUM<br \/>\n<\/strong>30.12.2017 | ekoszalin.pl<br \/>\n<a href=\"http:\/\/ekoszalin.pl\/artykul\/17061-Sylwestrowe-wydatki-%E2%80%93-ile-Polacy-placa-za-zabawe\">Sylwestrowe wydatki \u2013 ile Polacy p\u0142ac\u0105 za zabaw\u0119?<\/a><strong><br \/>\n<\/strong>30.12.2017 | silesion.pl<br \/>\n<a href=\"https:\/\/silesion.pl\/ile-zaplacimy-za-zabawe-sylwestrowa-30-12-2017\">Ile zap\u0142acimy za zabaw\u0119 sylwestrow\u0105?\u00a0<\/a><\/p>\n<p>29.12.2017 |\u00a0b2-biznes.pl<br \/>\n<a href=\"http:\/\/b2-biznes.pl\/sylwestrowe-wydatki-ile-polacy-placa-za-zabawe\/\">Sylwestrowe wydatki \u2013 ile Polacy p\u0142ac\u0105 za zabaw\u0119?<\/a><\/p>\n<p>29.12.2017 | publicrelations.pl<br \/>\n<a href=\"https:\/\/publicrelations.pl\/sylwestrowe-wydatki-ile-polacy-placa-za-zabawe\/\">Sylwestrowe wydatki \u2013 ile Polacy p\u0142ac\u0105 za zabaw\u0119?<\/a><\/p>\n<p>27.12.2017 | QBusiness.pl<br \/>\n<a href=\"http:\/\/www.qbusiness.pl\/index.php?mact=News,cntnt01,detail,0&amp;cntnt01articleid=38060&amp;cntnt01returnid=245\">Ile Polacy p\u0142ac\u0105 za zabaw\u0119 sylwestrow\u0105?<\/a><\/p>\n<p>27.12.2017 | luxxx.pl<br \/>\n<a href=\"http:\/\/luxxx.pl\/sylwestrowe-wydatki-polacy-placa-zabawe\/\">Sylwestrowe wydatki &#8211; ile za zabaw\u0119 p\u0142ac\u0105 Polacy?\u00a0<\/a><\/p>\n<p>27.12.2017 | bialystokonline.pl<br \/>\n<a href=\"http:\/\/www.bialystokonline.pl\/sylwestrowe-wydatki-ile-za-zabawe-placi-sie-w-bialymstoku,artykul,102972,1,1.html\">Sylwestrowe wydatki. Ile za zabaw\u0119 p\u0142aci si\u0119 w Bia\u0142ymstoku?<\/a><\/p>\n<p>27.12.2017 | superbiz.se.pl<br \/>\n<a href=\"http:\/\/turystyka24.tv\/sylwestrowe-wydatki\/\">Sylwester na ostatni\u0105 chwil\u0119. Ile trzeba wyda\u0107 na zabaw\u0119 na mie\u015bcie?\u00a0 \u00a0<\/a><\/p>\n<p>26.12.2017 | realnapolska.pl<br \/>\n<a href=\"http:\/\/realnapolska.pl\/ile-kosztuje-sylwester-w-miescie\/\">Ile kosztuje Sylwester w mie\u015bcie?<\/a><\/p>\n<p>24.12.2017 |\u00a0proseedmag.pl<br \/>\n<a href=\"https:\/\/proseedmag.pl\/aktualnosci\/sylwestrowe-wydatki-polacy-placa-zabawe\">Sylwestrowe wydatki \u2013 ile Polacy p\u0142ac\u0105 za zabaw\u0119?<\/a><\/p>\n<p>21.12.2017 | e-gory.pl<br \/>\n<a href=\"http:\/\/e-gory.pl\/aktualnosci\/newsy\/kosztuje-sylwester-gorach\/\">Ile kosztuje sylwester w g\u00f3rach?<\/a><\/p>\n<p>20.12.2017 | polskabiz.pl<br \/>\n<a href=\"http:\/\/polskabiz.pl\/sylwestrowe-wydatki-ile-polacy-placa-za-zabawe\/\">Sylwestrowe wydatki \u2013 ile Polacy p\u0142ac\u0105 za zabaw\u0119?<\/a><\/p>\n<p><a href=\"http:\/\/turystyka24.tv\/sylwestrowe-wydatki\/\">20.12.2017 | tp24.pl<\/a><br \/>\n<a href=\"http:\/\/turystyka24.tv\/sylwestrowe-wydatki\/\">G\u00f3rale s\u0142ono licz\u0105 za sylwestra\u00a0\u00a0\u00a0<\/a><\/p>\n<p>20.12.2017 | biznestuba.pl<br \/>\n<a href=\"http:\/\/biznestuba.pl\/finanse\/sylwestrowe-wydatki-ile-polacy-placa-za-zabawe\/\">Sylwestrowe wydatki \u2013 ile Polacy p\u0142ac\u0105 za zabaw\u0119?<\/a><\/p>\n<p>20.12.2017 | kobietawswiecie.pl<br \/>\n<a href=\"https:\/\/kobietawswiecie.pl\/sylwestrowe-wydatki-polacy-placa-zabawe\/\">Sylwestrowe wydatki \u2013 ile Polacy p\u0142ac\u0105 za zabaw\u0119?<\/a><\/p>\n<p>20.12.2017 | portalsamorzadowy.pl<br \/>\n<a href=\"http:\/\/turystyka24.tv\/sylwestrowe-wydatki\/\">Oferty sylwestrowe: Ile kosztuje Sylwester w mie\u015bcie?<\/a><\/p>\n<p>20.12.2017 | hydraportal.pl<br \/>\n<a href=\"http:\/\/hydraportal.pl\/sylwestrowe-wydatki-polacy-placa-zabawe\/\">Sylwestrowe wydatki \u2013 ile Polacy p\u0142ac\u0105 za zabaw\u0119?<\/a><\/p>\n<p>19.12.2017 | skarbiec.biz<br \/>\n<a href=\"https:\/\/www.skarbiec.biz\/gospodarka\/uslugi\/sylwestrowe-wydatki-polacy-placa-zabawe.html\">Sylwestrowe wydatki \u2013 ile Polacy p\u0142ac\u0105 za zabaw\u0119?<\/a><\/p>\n<p>19.12.2017 | pulshr.pl<br \/>\n<a href=\"https:\/\/www.pulshr.pl\/po-godzinach\/ile-kosztuje-sylwester,49554.html\">Ile kosztuje sylwester?<\/a><\/p>\n<p>04.12.2017 | radiozet.pl<br \/>\n<a href=\"https:\/\/www.radiozet.pl\/Co-gdzie-kiedy-jak\/Sylwester-miejski-2017-18-Wroclaw-Gdansk-Poznan-lista-sylwestrow-miejskich\">Sylwester miejski 2017\/18: Wroc\u0142aw, Gda\u0144sk, Pozna\u0144 &#8211; lista sylwestr\u00f3w miejskich<\/a><\/p>\n<p>07.12.2017 |\u00a0 twojsukces.uk.co.uk<br \/>\n<a href=\"http:\/\/twojsukcesuk.co.uk\/index.php\/rozrywka\/rozrywka-nowe\/turystyka\/4270-7-pomyslow-na-niezapomniana-zabawe-sylwestrowa\">7 pomys\u0142\u00f3w na niezapomnian\u0105 zabaw\u0119 sylwestrow\u0105<\/a><\/p>\n<p>09.12.2017 | tur-info.pl<br \/>\n<a href=\"http:\/\/www.tur-info.pl\/p\/ak_id,35548,,swieta,boze_narodzenie,sylwester,nowy_rok,tripsta_pl,lataj_pl,sylwestrowy_pl.html\">Bran\u017ca podsuwa pomys\u0142y na \u015awi\u0119ta i Sylwestra<\/a><\/p>\n<p>08.11.2017 | eGospodarka.pl<br \/>\n<a href=\"http:\/\/www.egospodarka.pl\/144645,7-sposobow-na-nieszablonowego-Sylwestra-2017,1,39,1.html\">7 sposob\u00f3w na nieszablonowego sylwestra\u00a0<\/a><\/p>\n<p>06.11.2017 | luxxx.pl<br \/>\n<a href=\"http:\/\/luxxx.pl\/sylwester-coraz-blizej-7-pomyslow-niezapomniana-zabawe\/\">Sylwester coraz bli\u017cej &#8211; 7 pomys\u0142\u00f3w na niezapomnian\u0105 zabaw\u0119\u00a0<\/a><\/p>\n<p>05.11.2017 | wirtualnemedia.info<br \/>\n<a href=\"http:\/\/www.wirtualnemedia.info\/sylwester-coraz-blizej-7-pomyslow-na-niezapomniana-zabawe\/\">Sylwester Coraz Bli\u017cej \u2013 7 Pomys\u0142\u00f3w Na Niezapomnian\u0105 Zabaw\u0119<\/a><\/p>\n<p>31.10.2017 | odyseusze.pl<br \/>\n<a href=\"http:\/\/www.odyseusze.pl\/artykul\/sylwester-coraz-blizej-7-pomyslow-na-niezapomniana-zabawe\/\">Sylwester coraz bli\u017cej \u2013 7 pomys\u0142\u00f3w na niezapomnian\u0105 zabaw\u0119<\/a><\/p>\n<p>31.10.2017 | pinesska.pl<br \/>\n<a href=\"https:\/\/www.pinesska.pl\/styl-zycia\/podroze\/sylwester-coraz-blizej-7-pomyslow-na-niezapomniana-zabawe\/\">Sylwester coraz bli\u017cej &#8211; 7 pomys\u0142\u00f3w na niezapomnian\u0105 zabaw\u0119<\/a><\/p>\n<p>07.10.2014 | tur-info.pl<br \/>\n<a href=\"http:\/\/www.tur-info.pl\/p\/ak_id,31835,,sylwester,planowanie,noc,wyjazd,hotele,pensjonaty,turysci,czy_oplaca_sie_juz.html\">Czy op\u0142aca si\u0119 ju\u017c teraz zaplanowa\u0107 sylwestrowy wyjazd?<\/a><strong><br \/>\n<\/strong>29.12.2013 | interia.tv<br \/>\n<a href=\"https:\/\/www.interia.tv\/wideo-sylwester-w-kopalni-albo-na-szczycie-gory-tak-to-sie-teraz-r,vId,1267624\">Sylwester w kopalni albo na szczycie g\u00f3ry &#8211; tak to si\u0119 teraz robi!<\/a><br \/>\n<strong><br \/>\n<\/strong>28.12.2013 | wprost.pl<br \/>\n<a href=\"https:\/\/www.wprost.pl\/430622\/Oryginalne-sposoby-spedzania-sylwestra-ciesza-sie-coraz-wieksza-popularnoscia\">Oryginalne sposoby sp\u0119dzania sylwestra ciesz\u0105 si\u0119 coraz wi\u0119ksz\u0105 popularno\u015bci\u0105<\/a><\/p>\n<p>27.12.2013 |\u00a0turystyka.wp.pl<br \/>\n<a href=\"https:\/\/turystyka.wp.pl\/sylwester-2013-sprawdz-gdzie-zaoszczedzisz-6043985023448193g\">Sylwester 2013. Sprawd\u017a, gdzie zaoszcz\u0119dzisz!<\/a><\/p>\n","protected":false},"excerpt":{"rendered":"<p>ARCHIWUM 30.12.2017 | ekoszalin.pl Sylwestrowe wydatki \u2013 ile Polacy p\u0142ac\u0105 za zabaw\u0119? 30.12.2017 | silesion.pl Ile zap\u0142acimy za zabaw\u0119 sylwestrow\u0105?\u00a0 29.12.2017 |\u00a0b2-biznes.pl Sylwestrowe wydatki \u2013 ile Polacy p\u0142ac\u0105 za zabaw\u0119? 29.12.2017 | publicrelations.pl Sylwestrowe wydatki \u2013 ile Polacy p\u0142ac\u0105 za zabaw\u0119? 27.12.2017 | QBusiness.pl Ile Polacy p\u0142ac\u0105 za zabaw\u0119 sylwestrow\u0105? 27.12.2017 | luxxx.pl Sylwestrowe wydatki [&hellip;]<\/p>\n","protected":false},"author":6,"featured_media":0,"parent":0,"menu_order":0,"comment_status":"open","ping_status":"closed","template":"","meta":{"footnotes":""},"class_list":["post-58316","page","type-page","status-publish","hentry"],"yoast_head":"<!-- This site is optimized with the Yoast SEO plugin v23.4 - https:\/\/yoast.com\/wordpress\/plugins\/seo\/ -->\n<title>Media o nas - Sylwester.pl<\/title>\n<meta name=\"robots\" content=\"index, follow, max-snippet:-1, max-image-preview:large, max-video-preview:-1\" \/>\n<link rel=\"canonical\" href=\"https:\/\/www.sylwester.pl\/przewodnik\/media-o-nas\/\" \/>\n<meta property=\"og:locale\" content=\"pl_PL\" \/>\n<meta property=\"og:type\" content=\"article\" \/>\n<meta property=\"og:title\" content=\"Media o nas - Sylwester.pl\" \/>\n<meta property=\"og:description\" content=\"ARCHIWUM 30.12.2017 | ekoszalin.pl Sylwestrowe wydatki \u2013 ile Polacy p\u0142ac\u0105 za zabaw\u0119? 30.12.2017 | silesion.pl Ile zap\u0142acimy za zabaw\u0119 sylwestrow\u0105?\u00a0 29.12.2017 |\u00a0b2-biznes.pl Sylwestrowe wydatki \u2013 ile Polacy p\u0142ac\u0105 za zabaw\u0119? 29.12.2017 | publicrelations.pl Sylwestrowe wydatki \u2013 ile Polacy p\u0142ac\u0105 za zabaw\u0119? 27.12.2017 | QBusiness.pl Ile Polacy p\u0142ac\u0105 za zabaw\u0119 sylwestrow\u0105? 27.12.2017 | luxxx.pl Sylwestrowe wydatki [&hellip;]\" \/>\n<meta property=\"og:url\" content=\"https:\/\/www.sylwester.pl\/przewodnik\/media-o-nas\/\" \/>\n<meta property=\"og:site_name\" content=\"Sylwester.pl\" \/>\n<meta property=\"article:modified_time\" content=\"2025-09-30T17:26:48+00:00\" \/>\n<meta property=\"og:image\" content=\"https:\/\/www.sylwester.pl\/przewodnik\/wp-content\/uploads\/2018\/07\/loga2.png\" \/>\n<meta name=\"twitter:card\" content=\"summary_large_image\" \/>\n<meta name=\"twitter:label1\" content=\"Szacowany czas czytania\" \/>\n\t<meta name=\"twitter:data1\" content=\"3 minuty\" \/>\n<script type=\"application\/ld+json\" class=\"yoast-schema-graph\">{\"@context\":\"https:\/\/schema.org\",\"@graph\":[{\"@type\":\"WebPage\",\"@id\":\"https:\/\/www.sylwester.pl\/przewodnik\/media-o-nas\/\",\"url\":\"https:\/\/www.sylwester.pl\/przewodnik\/media-o-nas\/\",\"name\":\"Media o nas - Sylwester.pl\",\"isPartOf\":{\"@id\":\"https:\/\/www.sylwester.pl\/przewodnik\/#website\"},\"primaryImageOfPage\":{\"@id\":\"https:\/\/www.sylwester.pl\/przewodnik\/media-o-nas\/#primaryimage\"},\"image\":{\"@id\":\"https:\/\/www.sylwester.pl\/przewodnik\/media-o-nas\/#primaryimage\"},\"thumbnailUrl\":\"https:\/\/www.sylwester.pl\/przewodnik\/wp-content\/uploads\/2018\/07\/loga2.png\",\"datePublished\":\"2018-07-17T12:30:59+00:00\",\"dateModified\":\"2025-09-30T17:26:48+00:00\",\"breadcrumb\":{\"@id\":\"https:\/\/www.sylwester.pl\/przewodnik\/media-o-nas\/#breadcrumb\"},\"inLanguage\":\"pl-PL\",\"potentialAction\":[{\"@type\":\"ReadAction\",\"target\":[\"https:\/\/www.sylwester.pl\/przewodnik\/media-o-nas\/\"]}]},{\"@type\":\"ImageObject\",\"inLanguage\":\"pl-PL\",\"@id\":\"https:\/\/www.sylwester.pl\/przewodnik\/media-o-nas\/#primaryimage\",\"url\":\"https:\/\/www.sylwester.pl\/przewodnik\/wp-content\/uploads\/2018\/07\/loga2.png\",\"contentUrl\":\"https:\/\/www.sylwester.pl\/przewodnik\/wp-content\/uploads\/2018\/07\/loga2.png\"},{\"@type\":\"BreadcrumbList\",\"@id\":\"https:\/\/www.sylwester.pl\/przewodnik\/media-o-nas\/#breadcrumb\",\"itemListElement\":[{\"@type\":\"ListItem\",\"position\":1,\"name\":\"Strona g\u0142\u00f3wna\",\"item\":\"https:\/\/www.sylwester.pl\/przewodnik\/\"},{\"@type\":\"ListItem\",\"position\":2,\"name\":\"Media o nas\"}]},{\"@type\":\"WebSite\",\"@id\":\"https:\/\/www.sylwester.pl\/przewodnik\/#website\",\"url\":\"https:\/\/www.sylwester.pl\/przewodnik\/\",\"name\":\"Sylwester.pl\",\"description\":\"Sylwester zaczyna si\u0119 tutaj.\",\"publisher\":{\"@id\":\"https:\/\/www.sylwester.pl\/przewodnik\/#organization\"},\"potentialAction\":[{\"@type\":\"SearchAction\",\"target\":{\"@type\":\"EntryPoint\",\"urlTemplate\":\"https:\/\/www.sylwester.pl\/przewodnik\/?s={search_term_string}\"},\"query-input\":{\"@type\":\"PropertyValueSpecification\",\"valueRequired\":true,\"valueName\":\"search_term_string\"}}],\"inLanguage\":\"pl-PL\"},{\"@type\":\"Organization\",\"@id\":\"https:\/\/www.sylwester.pl\/przewodnik\/#organization\",\"name\":\"Sylwester.pl\",\"url\":\"https:\/\/www.sylwester.pl\/przewodnik\/\",\"logo\":{\"@type\":\"ImageObject\",\"inLanguage\":\"pl-PL\",\"@id\":\"https:\/\/www.sylwester.pl\/przewodnik\/#\/schema\/logo\/image\/\",\"url\":\"https:\/\/www.sylwester.pl\/przewodnik\/wp-content\/uploads\/logo-sylwester.png\",\"contentUrl\":\"https:\/\/www.sylwester.pl\/przewodnik\/wp-content\/uploads\/logo-sylwester.png\",\"width\":177,\"height\":40,\"caption\":\"Sylwester.pl\"},\"image\":{\"@id\":\"https:\/\/www.sylwester.pl\/przewodnik\/#\/schema\/logo\/image\/\"}}]}<\/script>\n<!-- \/ Yoast SEO plugin. -->","yoast_head_json":{"title":"Media o nas - Sylwester.pl","robots":{"index":"index","follow":"follow","max-snippet":"max-snippet:-1","max-image-preview":"max-image-preview:large","max-video-preview":"max-video-preview:-1"},"canonical":"https:\/\/www.sylwester.pl\/przewodnik\/media-o-nas\/","og_locale":"pl_PL","og_type":"article","og_title":"Media o nas - Sylwester.pl","og_description":"ARCHIWUM 30.12.2017 | ekoszalin.pl Sylwestrowe wydatki \u2013 ile Polacy p\u0142ac\u0105 za zabaw\u0119? 30.12.2017 | silesion.pl Ile zap\u0142acimy za zabaw\u0119 sylwestrow\u0105?\u00a0 29.12.2017 |\u00a0b2-biznes.pl Sylwestrowe wydatki \u2013 ile Polacy p\u0142ac\u0105 za zabaw\u0119? 29.12.2017 | publicrelations.pl Sylwestrowe wydatki \u2013 ile Polacy p\u0142ac\u0105 za zabaw\u0119? 27.12.2017 | QBusiness.pl Ile Polacy p\u0142ac\u0105 za zabaw\u0119 sylwestrow\u0105? 27.12.2017 | luxxx.pl Sylwestrowe wydatki [&hellip;]","og_url":"https:\/\/www.sylwester.pl\/przewodnik\/media-o-nas\/","og_site_name":"Sylwester.pl","article_modified_time":"2025-09-30T17:26:48+00:00","og_image":[{"url":"https:\/\/www.sylwester.pl\/przewodnik\/wp-content\/uploads\/2018\/07\/loga2.png"}],"twitter_card":"summary_large_image","twitter_misc":{"Szacowany czas czytania":"3 minuty"},"schema":{"@context":"https:\/\/schema.org","@graph":[{"@type":"WebPage","@id":"https:\/\/www.sylwester.pl\/przewodnik\/media-o-nas\/","url":"https:\/\/www.sylwester.pl\/przewodnik\/media-o-nas\/","name":"Media o nas - Sylwester.pl","isPartOf":{"@id":"https:\/\/www.sylwester.pl\/przewodnik\/#website"},"primaryImageOfPage":{"@id":"https:\/\/www.sylwester.pl\/przewodnik\/media-o-nas\/#primaryimage"},"image":{"@id":"https:\/\/www.sylwester.pl\/przewodnik\/media-o-nas\/#primaryimage"},"thumbnailUrl":"https:\/\/www.sylwester.pl\/przewodnik\/wp-content\/uploads\/2018\/07\/loga2.png","datePublished":"2018-07-17T12:30:59+00:00","dateModified":"2025-09-30T17:26:48+00:00","breadcrumb":{"@id":"https:\/\/www.sylwester.pl\/przewodnik\/media-o-nas\/#breadcrumb"},"inLanguage":"pl-PL","potentialAction":[{"@type":"ReadAction","target":["https:\/\/www.sylwester.pl\/przewodnik\/media-o-nas\/"]}]},{"@type":"ImageObject","inLanguage":"pl-PL","@id":"https:\/\/www.sylwester.pl\/przewodnik\/media-o-nas\/#primaryimage","url":"https:\/\/www.sylwester.pl\/przewodnik\/wp-content\/uploads\/2018\/07\/loga2.png","contentUrl":"https:\/\/www.sylwester.pl\/przewodnik\/wp-content\/uploads\/2018\/07\/loga2.png"},{"@type":"BreadcrumbList","@id":"https:\/\/www.sylwester.pl\/przewodnik\/media-o-nas\/#breadcrumb","itemListElement":[{"@type":"ListItem","position":1,"name":"Strona g\u0142\u00f3wna","item":"https:\/\/www.sylwester.pl\/przewodnik\/"},{"@type":"ListItem","position":2,"name":"Media o nas"}]},{"@type":"WebSite","@id":"https:\/\/www.sylwester.pl\/przewodnik\/#website","url":"https:\/\/www.sylwester.pl\/przewodnik\/","name":"Sylwester.pl","description":"Sylwester zaczyna si\u0119 tutaj.","publisher":{"@id":"https:\/\/www.sylwester.pl\/przewodnik\/#organization"},"potentialAction":[{"@type":"SearchAction","target":{"@type":"EntryPoint","urlTemplate":"https:\/\/www.sylwester.pl\/przewodnik\/?s={search_term_string}"},"query-input":{"@type":"PropertyValueSpecification","valueRequired":true,"valueName":"search_term_string"}}],"inLanguage":"pl-PL"},{"@type":"Organization","@id":"https:\/\/www.sylwester.pl\/przewodnik\/#organization","name":"Sylwester.pl","url":"https:\/\/www.sylwester.pl\/przewodnik\/","logo":{"@type":"ImageObject","inLanguage":"pl-PL","@id":"https:\/\/www.sylwester.pl\/przewodnik\/#\/schema\/logo\/image\/","url":"https:\/\/www.sylwester.pl\/przewodnik\/wp-content\/uploads\/logo-sylwester.png","contentUrl":"https:\/\/www.sylwester.pl\/przewodnik\/wp-content\/uploads\/logo-sylwester.png","width":177,"height":40,"caption":"Sylwester.pl"},"image":{"@id":"https:\/\/www.sylwester.pl\/przewodnik\/#\/schema\/logo\/image\/"}}]}},"_links":{"self":[{"href":"https:\/\/www.sylwester.pl\/przewodnik\/wp-json\/wp\/v2\/pages\/58316"}],"collection":[{"href":"https:\/\/www.sylwester.pl\/przewodnik\/wp-json\/wp\/v2\/pages"}],"about":[{"href":"https:\/\/www.sylwester.pl\/przewodnik\/wp-json\/wp\/v2\/types\/page"}],"author":[{"embeddable":true,"href":"https:\/\/www.sylwester.pl\/przewodnik\/wp-json\/wp\/v2\/users\/6"}],"replies":[{"embeddable":true,"href":"https:\/\/www.sylwester.pl\/przewodnik\/wp-json\/wp\/v2\/comments?post=58316"}],"version-history":[{"count":1,"href":"https:\/\/www.sylwester.pl\/przewodnik\/wp-json\/wp\/v2\/pages\/58316\/revisions"}],"predecessor-version":[{"id":63060,"href":"https:\/\/www.sylwester.pl\/przewodnik\/wp-json\/wp\/v2\/pages\/58316\/revisions\/63060"}],"wp:attachment":[{"href":"https:\/\/www.sylwester.pl\/przewodnik\/wp-json\/wp\/v2\/media?parent=58316"}],"curies":[{"name":"wp","href":"https:\/\/api.w.org\/{rel}","templated":true}]}}